{"id":111,"date":"2016-08-30T14:59:39","date_gmt":"2016-08-30T14:59:39","guid":{"rendered":"http:\/\/supridata.com\/site\/?page_id=111"},"modified":"2020-02-07T15:10:32","modified_gmt":"2020-02-07T18:10:32","slug":"contato","status":"publish","type":"page","link":"http:\/\/supridata.com\/site\/contato\/","title":{"rendered":"Contato"},"content":{"rendered":"<p>Entre em contato conosco para maiores informa\u00e7\u00f5es atrav\u00e9s do formul\u00e1rio de contato ou se preferir ligue para n\u00f3s que teremos o prazer em atender.<\/p>\n<form method=\"POST\" action=\"\">\n<p>   <label for=\"sel1\">Selecionar Departamento<\/label> <\/p>\n<div class=\"form-group\">\n      <select class=\"form-control\" id=\"sel1\" name=\"sel1\"><option> Comercial <\/option><option> Desenvolvimento <\/option><option> Diretoria <\/option><option> Financeiro <\/option><option> Suporte <\/option><\/select>\n   <\/div>\n<p\/>\n<div class=\"form-group\">\n        <input type=\"text\" name=\"name\" class=\"form-control\" placeholder=\"Nome\" required=\"required\">\n      <\/div>\n<div class=\"form-group\">\n        <input type=\"text\" name=\"assunto\" class=\"form-control\" placeholder=\"Assunto\" required=\"required\">\n      <\/div>\n<div class=\"form-group\">\n        <input type=\"text\" name=\"telefone\" class=\"form-control\" placeholder=\"Telefone\">\n      <\/div>\n<div class=\"form-group\">\n        <input type=\"email\" name=\"email\" class=\"form-control\" placeholder=\"Email\" required=\"required\">\n      <\/div>\n<p\/>\n<div class=\"form-group\">\n      <textarea name=\"message\" id=\"message\" class=\"form-control\" rows=\"3\" placeholder=\"Mensagem\" required=\"required\"><\/textarea>\n    <\/div>\n<p>    <\/p>\n<div class=\"form-group\">\n      <button type=\"submit\">Enviar<\/button>\n    <\/div>\n<\/form>\n","protected":false},"excerpt":{"rendered":"<p>Entre em contato conosco para maiores informa\u00e7\u00f5es atrav\u00e9s do formul\u00e1rio de contato ou se preferir ligue para n\u00f3s que teremos o prazer em atender. Selecionar Departamento Comercial Desenvolvimento Diretoria Financeiro Suporte Enviar<\/p>\n","protected":false},"author":1,"featured_media":0,"parent":0,"menu_order":0,"comment_status":"open","ping_status":"closed","template":"page-template-right-sidebar.php","meta":[],"_links":{"self":[{"href":"http:\/\/supridata.com\/site\/wp-json\/wp\/v2\/pages\/111"}],"collection":[{"href":"http:\/\/supridata.com\/site\/wp-json\/wp\/v2\/pages"}],"about":[{"href":"http:\/\/supridata.com\/site\/wp-json\/wp\/v2\/types\/page"}],"author":[{"embeddable":true,"href":"http:\/\/supridata.com\/site\/wp-json\/wp\/v2\/users\/1"}],"replies":[{"embeddable":true,"href":"http:\/\/supridata.com\/site\/wp-json\/wp\/v2\/comments?post=111"}],"version-history":[{"count":2,"href":"http:\/\/supridata.com\/site\/wp-json\/wp\/v2\/pages\/111\/revisions"}],"predecessor-version":[{"id":856,"href":"http:\/\/supridata.com\/site\/wp-json\/wp\/v2\/pages\/111\/revisions\/856"}],"wp:attachment":[{"href":"http:\/\/supridata.com\/site\/wp-json\/wp\/v2\/media?parent=111"}],"curies":[{"name":"wp","href":"https:\/\/api.w.org\/{rel}","templated":true}]}}