{"id":70,"date":"2016-08-29T12:54:35","date_gmt":"2016-08-29T15:54:35","guid":{"rendered":"http:\/\/supridata.com\/site\/?page_id=70"},"modified":"2016-08-29T12:54:35","modified_gmt":"2016-08-29T15:54:35","slug":"folha","status":"publish","type":"page","link":"http:\/\/supridata.com\/site\/softwares\/folha\/","title":{"rendered":"Folha de Pagamento"},"content":{"rendered":"<h2 align=\"left\"><span class=\"fa-stack fa-1x\"><i class=\"fa fa-circle fa-stack-2x\" style=\"color:#0b4b84\"><\/i><i class=\"fa fa-desktop fa-stack-1x fa-inverse\"><\/i><\/span> Folha de Pagamento<\/h2>\n<p align=\"justify\" style=\"font-size:14px;\">Tem fun\u00e7\u00e3o operacional, cont\u00e1bil e fiscal, devendo ser constitu\u00edda com base em todas as ocorr\u00eancias mensais do empregado, \u00e9 a descri\u00e7\u00e3o dos fatos que envolveram a rela\u00e7\u00e3o de trabalho de maneira simples e transparente. Segue abaixo uma breve descri\u00e7\u00e3o das funcionalidades do sistema, para saber mais entre em contato conosco <a href=\"http:\/\/supridata.com\/site\/contato\" target=\"_self\"><strong>Clicando Aqui<\/strong><\/a><\/p>\n<div class=\"one_fourth\">\n<div class=\"tt-contentbox\">\n<div class=\"tt-contentbox-title tt-cb-title-grey\" align=\"center\"><span><i class=\"fa fa-plus\"><\/i> Cadastro<\/span><\/div>\n<div class=\"tt-contentbox-content tt-content-style-grey\">\n<ul>\n<li> Ag\u00eancias Banc\u00e1rias <\/li>\n<li> Centro de Custo <\/li>\n<li> Eventos <\/li>\n<li> Fonte de Recursos <\/li>\n<li> Funcion\u00e1rios <\/li>\n<li> Planos de Contas <\/li>\n<li> Tabela de Impostos <\/li>\n<\/ul>\n<\/div>\n<\/div>\n<\/div>\n<div class=\"one_fourth\">\n<div class=\"tt-contentbox\">\n<div class=\"tt-contentbox-title tt-cb-title-grey\" align=\"center\"><span><i class=\"fa fa-list-alt\"><\/i> Movimenta\u00e7\u00e3o<\/span><\/div>\n<div class=\"tt-contentbox-content tt-content-style-grey\">\n<ul>\n<li> C\u00e1lculo de Folha Mensal <\/li>\n<li> Envio de Remessa <\/li>\n<li> Exporta\u00e7\u00e3o (DIRF, RAIS&#8230;) <\/li>\n<li> Importa\u00e7\u00e3o de Eventos <\/li>\n<li> Movimento Folha <\/li>\n<li> Progress\u00e3o Salarial <\/li>\n<li> Reajuste Salarial <\/li>\n<\/ul>\n<\/div>\n<\/div>\n<\/div>\n<div class=\"one_fourth\">\n<div class=\"tt-contentbox\">\n<div class=\"tt-contentbox-title tt-cb-title-grey\" align=\"center\"><span><i class=\"fa fa-print\"><\/i> Relat\u00f3rios<\/span><\/div>\n<div class=\"tt-contentbox-content tt-content-style-grey\">\n<ul>\n<li> Comparativo de Mov. <\/li>\n<li> Contra-Cheque <\/li>\n<li> Ficha Financeira <\/li>\n<li> Folha de Pagamento <\/li>\n<li> Guias GPS e RPPS <\/li>\n<li> Informativo de IRRF <\/li>\n<li> Resumo de Folha <\/li>\n<\/ul>\n<\/div>\n<\/div>\n<\/div>\n<div class=\"one_fourth\">\n<div class=\"tt-contentbox\">\n<div class=\"tt-contentbox-title tt-cb-title-grey\" align=\"center\"><span><i class=\"fa fa-unlock-alt\"><\/i> Acesso e Seguran\u00e7a<\/span><\/div>\n<div class=\"tt-contentbox-content tt-content-style-grey\">\n<ul>\n<li> Acesso em Rede <\/li>\n<li> Backup Autom\u00e1tico <\/li>\n<li> Mudan\u00e7a de Senha\n<li> N\u00edveis de Acesso <\/li>\n<li> Registros de Log <\/li>\n<li> Restaura\u00e7\u00e3o de Backup <\/li>\n<li> Senha Criptografada <\/li>\n<\/ul>\n<\/div>\n<\/div>\n<\/div>\n","protected":false},"excerpt":{"rendered":"<p>Folha de Pagamento Tem fun\u00e7\u00e3o operacional, cont\u00e1bil e fiscal, devendo ser constitu\u00edda com base em todas as ocorr\u00eancias mensais do empregado, \u00e9 a descri\u00e7\u00e3o dos fatos que envolveram a rela\u00e7\u00e3o de trabalho de maneira simples e transparente. Segue abaixo uma breve descri\u00e7\u00e3o das funcionalidades do sistema, para saber mais entre em contato conosco Clicando Aqui [&hellip;]<\/p>\n","protected":false},"author":1,"featured_media":0,"parent":17,"menu_order":0,"comment_status":"open","ping_status":"closed","template":"","meta":[],"_links":{"self":[{"href":"http:\/\/supridata.com\/site\/wp-json\/wp\/v2\/pages\/70"}],"collection":[{"href":"http:\/\/supridata.com\/site\/wp-json\/wp\/v2\/pages"}],"about":[{"href":"http:\/\/supridata.com\/site\/wp-json\/wp\/v2\/types\/page"}],"author":[{"embeddable":true,"href":"http:\/\/supridata.com\/site\/wp-json\/wp\/v2\/users\/1"}],"replies":[{"embeddable":true,"href":"http:\/\/supridata.com\/site\/wp-json\/wp\/v2\/comments?post=70"}],"version-history":[{"count":0,"href":"http:\/\/supridata.com\/site\/wp-json\/wp\/v2\/pages\/70\/revisions"}],"up":[{"embeddable":true,"href":"http:\/\/supridata.com\/site\/wp-json\/wp\/v2\/pages\/17"}],"wp:attachment":[{"href":"http:\/\/supridata.com\/site\/wp-json\/wp\/v2\/media?parent=70"}],"curies":[{"name":"wp","href":"https:\/\/api.w.org\/{rel}","templated":true}]}}