{"id":78,"date":"2016-08-29T12:55:33","date_gmt":"2016-08-29T15:55:33","guid":{"rendered":"http:\/\/supridata.com\/site\/?page_id=78"},"modified":"2016-08-29T12:55:33","modified_gmt":"2016-08-29T15:55:33","slug":"tributos","status":"publish","type":"page","link":"http:\/\/supridata.com\/site\/softwares\/tributos\/","title":{"rendered":"Tributos"},"content":{"rendered":"<h2 align=\"left\"><span class=\"fa-stack fa-1x\"><i class=\"fa fa-circle fa-stack-2x\" style=\"color:#0b4b84\"><\/i><i class=\"fa fa-calculator fa-stack-1x fa-inverse\"><\/i><\/span> Software Tribut\u00e1rio<\/h2>\n<p align=\"justify\" style=\"font-size:14px;\">O Software de Tributos foi desenvolvido para contemplar a gest\u00e3o tribut\u00e1ria do munic\u00edpio com relat\u00f3rios espec\u00edficos, proporcionando o gerenciamento com n\u00edveis diferenciados nas quest\u00f5es imobili\u00e1rias e mobili\u00e1rias. Segue abaixo uma breve descri\u00e7\u00e3o das funcionalidades do sistema, para saber mais entre em contato conosco <a href=\"http:\/\/supridata.com\/site\/contato\" target=\"_self\"><strong>Clicando Aqui<\/strong><\/a><\/p>\n<div class=\"one_fourth\">\n<div class=\"tt-contentbox\">\n<div class=\"tt-contentbox-title tt-cb-title-grey\" align=\"center\"><span><i class=\"fa fa-plus\"><\/i> Cadastro<\/span><\/div>\n<div class=\"tt-contentbox-content tt-content-style-grey\">\n<ul>\n<li> Alvar\u00e1s <\/li>\n<li> Bairros \/ Setores <\/li>\n<li> Contribuintes <\/li>\n<li> Im\u00f3veis <\/li>\n<li> Padr\u00f5es de Constru\u00e7\u00e3o <\/li>\n<li> Receitas <\/li>\n<li> Servi\u00e7os <\/li>\n<\/ul>\n<\/div>\n<\/div>\n<\/div>\n<div class=\"one_fourth\">\n<div class=\"tt-contentbox\">\n<div class=\"tt-contentbox-title tt-cb-title-grey\" align=\"center\"><span><i class=\"fa fa-list-alt\"><\/i> Movimenta\u00e7\u00e3o<\/span><\/div>\n<div class=\"tt-contentbox-content tt-content-style-grey\">\n<ul>\n<li> Alvar\u00e1 e Certid\u00f5es <\/li>\n<li> DAM <\/li>\n<li> IPTU e D\u00edvida Ativa <\/li>\n<li> ITBI e TLF <\/li>\n<li> Licenciamento de Ve\u00edculos <\/li>\n<li> Nota Fiscal Avulsa <\/li>\n<li> Recibos <\/li>\n<\/ul>\n<\/div>\n<\/div>\n<\/div>\n<div class=\"one_fourth\">\n<div class=\"tt-contentbox\">\n<div class=\"tt-contentbox-title tt-cb-title-grey\" align=\"center\"><span><i class=\"fa fa-print\"><\/i> Relat\u00f3rios<\/span><\/div>\n<div class=\"tt-contentbox-content tt-content-style-grey\">\n<ul>\n<li> Alvar\u00e1 <\/li>\n<li> Arrecada\u00e7\u00e3o <\/li>\n<li> D\u00edvida Ativa <\/li>\n<li> DAM <\/li>\n<li> Nota Fiscal Avulsa <\/li>\n<li> Recibos <\/li>\n<li> Personalizado <\/li>\n<\/ul>\n<\/div>\n<\/div>\n<\/div>\n<div class=\"one_fourth\">\n<div class=\"tt-contentbox\">\n<div class=\"tt-contentbox-title tt-cb-title-grey\" align=\"center\"><span><i class=\"fa fa-unlock-alt\"><\/i> Acesso e Seguran\u00e7a<\/span><\/div>\n<div class=\"tt-contentbox-content tt-content-style-grey\">\n<ul>\n<li> Acesso em Rede <\/li>\n<li> Backup Autom\u00e1tico <\/li>\n<li> Mudan\u00e7a de Senha\n<li> N\u00edveis de Acesso <\/li>\n<li> Registros de Log <\/li>\n<li> Restaura\u00e7\u00e3o de Backup <\/li>\n<li> Senha Criptografada <\/li>\n<\/ul>\n<\/div>\n<\/div>\n<\/div>\n","protected":false},"excerpt":{"rendered":"<p>Software Tribut\u00e1rio O Software de Tributos foi desenvolvido para contemplar a gest\u00e3o tribut\u00e1ria do munic\u00edpio com relat\u00f3rios espec\u00edficos, proporcionando o gerenciamento com n\u00edveis diferenciados nas quest\u00f5es imobili\u00e1rias e mobili\u00e1rias. Segue abaixo uma breve descri\u00e7\u00e3o das funcionalidades do sistema, para saber mais entre em contato conosco Clicando Aqui Cadastro Alvar\u00e1s Bairros \/ Setores Contribuintes Im\u00f3veis Padr\u00f5es [&hellip;]<\/p>\n","protected":false},"author":1,"featured_media":0,"parent":17,"menu_order":0,"comment_status":"open","ping_status":"closed","template":"","meta":[],"_links":{"self":[{"href":"http:\/\/supridata.com\/site\/wp-json\/wp\/v2\/pages\/78"}],"collection":[{"href":"http:\/\/supridata.com\/site\/wp-json\/wp\/v2\/pages"}],"about":[{"href":"http:\/\/supridata.com\/site\/wp-json\/wp\/v2\/types\/page"}],"author":[{"embeddable":true,"href":"http:\/\/supridata.com\/site\/wp-json\/wp\/v2\/users\/1"}],"replies":[{"embeddable":true,"href":"http:\/\/supridata.com\/site\/wp-json\/wp\/v2\/comments?post=78"}],"version-history":[{"count":0,"href":"http:\/\/supridata.com\/site\/wp-json\/wp\/v2\/pages\/78\/revisions"}],"up":[{"embeddable":true,"href":"http:\/\/supridata.com\/site\/wp-json\/wp\/v2\/pages\/17"}],"wp:attachment":[{"href":"http:\/\/supridata.com\/site\/wp-json\/wp\/v2\/media?parent=78"}],"curies":[{"name":"wp","href":"https:\/\/api.w.org\/{rel}","templated":true}]}}